f s and a.
5
Suppose 4*d + 17 = -b - 4, -5*d - 23 = -2*b. Let l be (-124)/(-20) - b/(-5). Calculate the highest common factor of l and 9.
3
Let j = 14 + -8. Suppose 3*m - 2*m - 39 = 0. Suppose c - m = 3. What is the greatest common factor of c and j?
6
Let a be (2 + -11)*((-28)/6 - -3). Let i = 340 - 235. What is the greatest common divisor of i and a?
15
Suppose u + 8*l = 3*l - 5, 0 = 3*u - 3*l - 21. Calculate the greatest common factor of 10 and u.
5
Suppose b = -k + 13, 4*b - 6*k - 97 = -k. Suppose v = 3 + 1. Suppose -v*m - 5*l = -14, l = 7*m - 3*m - 26. Calculate the greatest common divisor of m and b.
6
Let k(b) = b**2 + 3*b. Let r be k(-4). Let t = 16 - 13. Suppose r*o - 1 = t. What is the greatest common factor of 8 and o?
1
Let f(x) = x**2 - 11*x - 1. Let o be f(12). Let j = 45 - 23. What is the highest common divisor of o and j?
11
Suppose 4*k = 86 + 14. What is the greatest common factor of 10 and k?
5
Let d(k) = 3*k - 2. Let g be d(8). Calculate the greatest common divisor of g and 242.
22
Suppose -5*y - 13 - 2 = 0. Let m be 2/(22/6 + y). Calculate the greatest common divisor of m and 27.
3
Let a = 15 - 5. Suppose -3*j = j - 40. Suppose -y = 4*w - 2*y - 59, w - 5*y - j = 0. Calculate the highest common factor of w and a.
5
Suppose -5*r = -5, -4*o + 7*r + 195 = 2*r. Let s be (14/6 - 2)*15. Calculate the highest common divisor of o and s.
5
Suppose 4*k - g = -5, 0*k + 2 = 5*k - 4*g. Let a = k - -4. Suppose -a*s = -5*s + 30. What is the greatest common factor of 80 and s?
10
Suppose -3*u = -5*a + 632, -a + 257 = a + 3*u. Let v = a + -47. Let y be (-40)/(-12)*(1 + 2). Calculate the highest common divisor of v and y.
10
Let q(u) = u**2 + 9*u + 10. Let y be q(-8). Suppose -24 + 98 = y*t + 2*i, 0 = -t + 2*i + 22. Calculate the greatest common divisor of 48 and t.
16
Let f(o) = -67*o**3 - o**2 + o + 1. Let b be f(-1). Calculate the greatest common divisor of 88 and b.
22
Suppose 0 = 5*v + 3*t + 6, -2*t - 7 = 5*v + 2. Let c(o) = o**2 - 2*o - 3. Let r be c(v). What is the greatest common divisor of 4 and r?
4
Let v(s) = 70*s**2. Let g be v(-1). Let b(d) = -d**2 + 10*d - 11. Let z be b(5). What is the greatest common factor of z and g?
14
Suppose i = -4*h + 20, -4*h = -2*h + 2. Suppose 4*x - i = 3*x. Calculate the highest common divisor of x and 36.
12
Suppose t + 0 = 4. Let d be 15/t + (-5)/(-20). Calculate the greatest common divisor of d and 16.
4
Let n be 354/10 + 2/(-5). Let s be 42/(-4)*(-8)/12. What is the highest common divisor of s and n?
7
Let t(f) = -f**3 - 5*f**2 - 6*f - 3. Let j be t(-4). What is the greatest common factor of j and 50?
5
Suppose g = 3*g + 10, -5*j + 3*g + 275 = 0. Suppose 3*l = -3 - 6. Let v(r) = -r**3 - 2*r**2 + 4. Let c be v(l). What is the greatest common factor of j and c?
13
Let y = -25 + 37. Calculate the highest common divisor of y and 84.
12
Suppose 2*c - 2 - 2 = 0, 4*l - 14 = -c. Suppose -t - l*n = -25, n = 3*t - n - 42. What is the greatest common factor of t and 2?
2
Let w(g) = -g**3 + 6*g + 6. Let m be w(-3). Let r(u) = 0 + 0 + u - 3. Let d be r(6). Calculate the greatest common factor of d and m.
3
Let p(b) = -14*b - 2. Let c be p(-1). What is the highest common divisor of c and 60?
12
Suppose -4*y + 121 = i, y = 5*i + 3*y - 623. What is the highest common divisor of i and 25?
25
Let o(j) = -j**3 - 9*j**2 + 3. Let s be o(-9). Let t = s - 0. What is the greatest common divisor of 6 and t?
3
Suppose 2 = -y + 8. Let n = 13 - -35. What is the greatest common factor of n and y?
6
Suppose 635 + 163 = 3*d. What is the greatest common factor of 38 and d?
38
Suppose -4*s + 2*v = -2*s - 254, -5*s - 3*v + 651 = 0. Let c = 36 + s. Suppose -2*y = 10, 25 = 3*g + 6*y - 2*y. Calculate the highest common divisor of g and c.
15
Let t be 2 + (-1 - -1)/(-4 + 2). Calculate the highest common divisor of 8 and t.
2
Suppose -x - 3 = 0, 3*u - 3*x - 82 = 239. Calculate the highest common factor of 13 and u.
13
Let y = 13 + 2. Suppose -y = -6*a + 3*a. Suppose 4*f = 4, -19 = -4*d + 2*f - a. Calculate the greatest common divisor of 8 and d.
4
Let p be 2/((2/23)/(-1)). Let m be (0 - -42) + 2/(-1). Let l = p + m. What is the greatest common divisor of 187 and l?
17
Let i(a) = -a**2 - a + 20. Let v be i(0). Let x = 50 - v. What is the highest common divisor of 15 and x?
15
Suppose -u + 24 = -5*c, 3*c - 12 = c - 5*u. Let i = 7 + c. Suppose 4*z = i*o - 76, -o - 74 = -4*o + 5*z. What is the greatest common factor of o and 70?
14
Suppose 2*r = 3*d - d - 12, 3*d = 4*r + 17. Suppose 0 = 9*x - d*x - 48. What is the greatest common divisor of x and 36?
12
Suppose 0 = -5*t + 2*z + 19, 4 = -t + 3*t - 2*z. Suppose -t*v - 219 = 4*p, -2*p = v + 2*p + 47. Let n = -23 - v. What is the greatest common factor of n and 20?
20
Suppose 3*q + 7 = 37. Let n be ((-18)/30)/((-1)/q). What is the highest common divisor of n and 24?
6
Let w = -21 - -30. Let o(v) = -v**3 + 8. Let p be o(0). Suppose u - p = 91. Calculate the highest common factor of u and w.
9
Let h = -4 + 6. Let m = -4 - -8. Suppose -4*s = 3*u - 18, 0 = 4*s - u - m*u - h. What is the highest common divisor of 6 and s?
3
Let z = 17 - 14. Suppose -k - 13 = z*g - 49, 4*g + k = 47. What is the highest common divisor of 33 and g?
11
Suppose -2*f + 3 + 1 = 0. Suppose 0 = -4*l - 2*o + 26, 2 = f*l + l + 5*o. Suppose -2*q = -q - l. Calculate the greatest common factor of q and 36.
9
Suppose 4*b - 2*w = w + 233, -159 = -3*b - 3*w. Let x be (b - 0) + -3 - -1. Let h = x + -33. What is the greatest common divisor of h and 189?
21
Suppose -2*j = -0*j + 18. Let k = j + 24. What is the highest common divisor of k and 120?
15
Let n be ((-54)/(-21))/(18/84). Let b be (0 - -3)/(3/100). Let y = b + -64. What is the highest common factor of n and y?
12
Let d = -6 - -3. Let h(p) be the second derivative of p**4/2 + p**2 + p. Let f be h(d). Calculate the greatest common factor of 8 and f.
8
Let z(g) = 29*g**3 - g**2 + g + 1. Let o be z(-1). Let s be (0 - -1)*(45 + -1). Let r = o + s. What is the greatest common divisor of r and 112?
14
Let a(w) = 3 + 3*w**2 - 2*w + 10*w - 2*w**2. Suppose -z + 6*z + 45 = 4*y, 0 = -4*y. Let o be a(z). Calculate the greatest common divisor of o and 4.
4
Suppose 5*l = -5*m + 30, 4*l + 2*m - 17 = 17. Suppose 275*r - 271*r = 176. Calculate the highest common factor of r and l.
11
Let s = 58 - -32. What is the greatest common divisor of 225 and s?
45
Suppose 2*y = 1 + 3. Let s(a) = 5*a - 2. Let x be s(y). What is the greatest common factor of x and 32?
8
Let l(m) = -m**2 + 14*m - 28. Let d be l(3). Let n(j) = j + 3. Let r be n(-6). Let g be 1/r - 32/(-6). Calculate the highest common divisor of d and g.
5
Let j be 2/8 + (-11)/(-4). Suppose 2*p = 0, 0*v + 4*p = 3*v - j. Let b = -892 - -903. What is the highest common factor of v and b?
1
Let q be (-2)/4 + (-170)/(-4). Let k = 17 - 10. Calculate the greatest common divisor of q and k.
7
Suppose 0 = 9*d - 5*d + 36. Let n = d - -16. What is the highest common factor of 63 and n?
7
Let k(o) = -17*o**3. Let t be k(-1). What is the greatest common factor of t and 85?
17
Suppose -5*z = -3*q - 67, 0 = -4*q - 0*q + 4. Suppose -z = -m - 0*w + 3*w, -4*w = 0. Calculate the greatest common divisor of m and 112.
14
Suppose i - p + 69 = 3*p, -5*i + 4*p = 377. Let k = -29 - i. What is the greatest common divisor of 6 and k?
6
Suppose -v - 2*a + 42 = v, -5*a = -10. Calculate the greatest common factor of v and 133.
19
Suppose 2*a + 0*k - 3*k - 11 = 0, k + 5 = a. Suppose 4*n - 2*n = 4, -2*b + 6 = -5*n. Calculate the greatest common factor of a and b.
4
Let y(t) = -t**3 - 9*t**2 - 7*t - 9. Suppose -m - 4*m - 55 = -5*o, 5*m - 4*o + 53 = 0. Let f be y(m). Calculate the highest common divisor of 36 and f.
18
Let g(m) = 59*m**2 + 1. Let v be g(-1). Let b(o) = o**3 - 8*o**2 + 9*o - 2. Let p be b(7). Calculate the highest common factor of p and v.
12
Suppose 10 = 2*y - 0*y, -2*b - 3*y - 13 = 0. Let p be (-5)/((b/32)/7). Calculate the greatest common divisor of 16 and p.
16
Suppose 3*t - 12 = -0. Suppose 3*p - 32 = -p. What is the greatest common divisor of t and p?
4
Suppose 6*j - j = 155. Let d = j + -17. Let w = 44 - 30. Calculate the greatest common divisor of d and w.
14
Let q(s) = 3*s**2 + 4*s - 9. Let c be q(-7). What is the highest common divisor of c a